vided by 20/(-28)*-7 - -6.
9
Let s = -66 + 72. What is the remainder when 62 is divided by s?
2
Suppose -h + 5*z - 5 = -25, 5*h - 73 = -2*z. Suppose 2*n + 2 = 0, -3*u - n = -9 - 2. Calculate the remainder when h is divided by (4 - 0)*(1 + 2/u).
3
Let t = -429 - -439. Calculate the remainder when 118 is divided by t.
8
Let r be 0 + 2 + 2/1. Suppose r*v - 5*v + t + 3 = 0, 57 = 4*v + 5*t. Let h(x) = x**2 - 4*x - 3. What is the remainder when h(8) is divided by v?
5
Let g = -29 + 31. What is the remainder when 52 is divided by g/12 + 89/6?
7
Suppose 1053 = 30*x + 333. Calculate the remainder when 111 is divided by x.
15
Let u = -17 - -28. Let q = u + 24. Let f(k) = 225*k + 687. What is the remainder when q is divided by f(-3)?
11
Suppose l + 0*l = 5*l. Suppose l = 12*j - 8*j - 36. Calculate the remainder when 25 is divided by j.
7
Suppose -3*s = -1102 - 1088. What is the remainder when s is divided by 61?
59
Suppose -2*j - 3*l + 43 = 0, 5*j - 97 = -2*l - 2*l. Suppose 16 = 5*d + 146. Let x = d - -35. What is the remainder when j is divided by x?
8
Let s = -34 - -53. Calculate the remainder when s is divided by ((-9)/9)/((-1)/5).
4
Let k be -3*(30/(-9))/2. Suppose 5*j = 3*f + 3, -3*j + 1 = k*f - 6*f. Suppose j = -3*w + 46 + 23. Calculate the remainder when w is divided by 6.
5
Let f = 86 - 57. Suppose 3*q - 7 - f = 0. What is the remainder when q is divided by 2?
0
Let d be (3 - (-14)/(-4))/((-7)/280). Let v = d + 0. What is the remainder when v is divided by 12?
8
Let i(z) = z**3 - 7*z**2 - 8*z + 3. Let b be i(8). Let l(m) = -6*m - 6. Let t be l(-4). Suppose -6 = b*u - t. Calculate the remainder when 5 is divided by u.
1
Let t(l) = -l**2 - 10*l + 13. Let z = 206 + -97. Calculate the remainder when z is divided by t(-6).
35
Suppose 8*t = 15*t - 756. Suppose v = -f + 20, -5*v + 0*f = f - t. What is the remainder when 86 is divided by v?
20
Suppose -2 = -13*p + 37. Suppose -4*w + 2*w = -6. Suppose 0 = -l - 4, w*l - 8 - 12 = -4*g. Calculate the remainder when g is divided by p.
2
Suppose -y = -5*c + 14, -3*y + c = -2*y - 2. Let v be y/(-18) + 4/3. Suppose -5 = -u + v. Calculate the remainder when u is divided by 2.
0
Let i(d) = 3*d - 19. Calculate the remainder when 108 is divided by i(8).
3
Suppose 5*p - 6*f + 5*f - 257 = 0, 4*f - 168 = -3*p. What is the remainder when 363 is divided by p?
51
Suppose q - 5 = 2*k + 33, 5*k = -3*q + 103. What is the remainder when 178 is divided by q?
34
Let n = 1293 - 1278. What is the remainder when 24 is divided by n?
9
What is the remainder when 221 is divided by 12/(-30) + (-936)/(-15)?
35
Suppose o = -2*o + 84. Let u(q) = -7*q**2 - 18*q + 57. Calculate the remainder when o is divided by u(-4).
11
Let f = 947 + -944. Suppose 0 = 4*d + d - 55. Suppose d - 1 = 5*u. What is the remainder when f is divided by u?
1
Let n = -695 - -710. Calculate the remainder when n is divided by 4.
3
Let o = 1441 - 508. Calculate the remainder when o is divided by 104.
101
Suppose 3*x + 3*k - 104 = 4, 5*x + 3*k - 190 = 0. Let z(c) = -8 + 0*c**2 + 0*c**2 - 3*c + 2*c**2 - 1. Calculate the remainder when x is divided by z(4).
8
Calculate the remainder when 66 is divided by (102/8)/(-5 - 161/(-28)).
15
Suppose -4 + 11 = -g. Let o = g - -9. Suppose 12 = o*s + 2. Calculate the remainder when 17 is divided by s.
2
Suppose -4*f - 177 - 409 = -5*v, 2*f - 220 = -2*v. Calculate the remainder when v is divided by 8.
2
Suppose 0 = -4*q + 16, 2*t - 3*q + 184 = 72. Let u = 77 + t. Calculate the remainder when u is divided by 15.
12
Let w be (-162)/(-30) + (-6)/(-10). Calculate the remainder when 21 is divided by (8/3)/(w/18).
5
Suppose 0 = t - 4*t + 498. Let d = t - 148. Calculate the remainder when 89 is divided by d.
17
Let v = 233 - 111. Suppose 0 = -4*u + v + 50. Calculate the remainder when u is divided by 12.
7
Suppose -92 = -6*u + 58. Suppose 9*k = 4*k + u. What is the remainder when 17 is divided by k?
2
Let s = 305 - 202. Let o = s - 40. What is the remainder when o is divided by 13?
11
Suppose 7*x = 4*x + 351. Let k = -106 + x. What is the remainder when 43 is divided by k?
10
Suppose 0 = h + 3, -4*g = -3*h - 20 - 173. Calculate the remainder when g is divided by 20/1 + (1 - 2)*4.
14
Let p(f) be the first derivative of 8 + 17/3*f**3 + 0*f**2 + f. Calculate the remainder when 71 is divided by p(1).
17
Suppose 69 + 497 = -4*l - 5*v, -3*l - 4*v = 424. Let d = l - -220. What is the remainder when d is divided by 11?
10
Suppose -4*m + 2*m + 2*p = -36, p + 4 = 0. What is the remainder when 77 is divided by m?
7
Suppose -71 + 890 = 21*r. Calculate the remainder when r is divided by 23.
16
Let u = 56 + 12. Suppose -u = 5*k - 218. What is the remainder when k is divided by (-34)/(-4) - 1/2?
6
Let h(q) = 2*q + 42. Calculate the remainder when 196 is divided by h(-4).
26
Suppose 77*d + 18 = 78*d. Suppose 5*a - x - x - 341 = 0, 0 = 4*x + 12. What is the remainder when a is divided by d?
13
Suppose -8*b = -4*b - 3*k - 61, 20 = 4*k. Calculate the remainder when 109 is divided by b.
14
Let b = -1 + 10. Suppose o - 5*r - 19 = 0, -b - 2 = -2*o + r. Suppose -m - 14 = -2*m. What is the remainder when m is divided by o?
2
Let t(c) be the first derivative of 5*c**3 - 3*c**2/2 + c + 4. What is the remainder when t(-1) is divided by 7?
5
Let c(k) = 4*k**2 - 23*k + 80. Calculate the remainder when c(4) is divided by 25.
2
Suppose -2*l = -2*i + 4*i - 8, 0 = -2*i - l + 7. Let u(w) = w**2 - 2*w - 1. Suppose -2*k - 2*k - 8 = 0. Calculate the remainder when u(k) is divided by i.
1
Let w be -4 + 6 - (1/1 - -3). What is the remainder when (77/(-42))/(w/42)*2 is divided by 16?
13
Suppose -o = -u - 2*o + 12, u + 4*o = 0. Let t = -286 + 287. Suppose 0 = 2*q + 3*r - 135, 0 = -q - 2*r + 70 - t. What is the remainder when q is divided by u?
15
Let i(w) = 9*w + 37. Let t(j) = -j**3 - 3*j**2 - 2*j + 2. Calculate the remainder when i(-3) is divided by t(-3).
2
Let a = 10 - 1. Let p be -40*(2 - (0 - -3)). Let r = p - 35. What is the remainder when a is divided by r?
4
Let y(n) = 2*n**2 - 5*n - 3. Let d be y(4). Let h be d - 8/(4 - 2). Suppose 6*j = 3*o + 3*j - 33, 62 = h*o + 2*j. What is the remainder when 44 is divided by o?
8
Let a be 2*4/(-32)*-100. Let n = -9 + a. Calculate the remainder when n is divided by 10.
6
Suppose 0 = -4*a + 3*u + 198 - 30, 4*a + 3*u = 144. Calculate the remainder when 115 is divided by a.
37
Suppose -22*n = -187 - 231. Calculate the remainder when 36 is divided by n.
17
Let w = 1488 - 1363. What is the remainder when w is divided by 39?
8
Suppose -2*z - 5 = 15. Let j(h) = -h**2 - 13*h - 22. Calculate the remainder when 31 is divided by j(z).
7
Let w = 397 - 363. Calculate the remainder when 84 is divided by w.
16
Suppose 3 = -3*s - 6, -g - 5*s - 10 = 0. Suppose 165 = 5*y - 5*p, g*p + 6 - 121 = -5*y. Calculate the remainder when 83 is divided by y.
27
Let o(b) = b**2 - 2 - 3*b + 4*b - b + 2*b. Let q be o(-4). Calculate the remainder when 15 is divided by (q/(-4))/((-7)/42).
6
Let w(t) = t**2 - 2*t + 4. Let p be w(7). Suppose 2*l - p = -l. Calculate the remainder when 51 is divided by l.
12
Let z be (-3)/(-4) + 18/(-24). Let t(d) = -2*d + z + 14 - 2 - 3. What is the remainder when t(-4) is divided by 5?
2
Suppose 0 = 3*g - 145 + 13. Suppose 5*x - 1 = g. Let l(k) = k**3 + 8*k**2 + 9*k + 8. What is the remainder when l(-6) is divided by x?
8
Let y = -29 + 29. Suppose u + 0*u - 49 = y. What is the remainder when u is divided by 13?
10
Suppose -10*l - 6415 = -6485. Calculate the remainder when 1308 is divided by l.
6
Let d(c) = -c**2. Let z be d(1). Let m(n) = 2*n**3 - 7*n**2 - 29*n - 3. Calculate the remainder when (z + 6 - 0)*1 is divided by m(6).
2
Suppose -6*h = -160 - 20. What is the remainder when h is divided by 11?
8
Let s be (2/1)/(8/8). Calculate the remainder when (6*8/6)/s is divided by 2.
0
Suppose -3*i + 72 = 2*z - 3*z, -5*z = i - 40. Calculate the remainder when i is divided by ((-26)/(-4)*-4)/(-2).
12
Suppose 2*f = 4*i - 11 - 15, -2*f - 16 = -2*i. Suppose 0 = -i*r - 5*b + 2*b + 85, -3*r - 5*b = -35. What is the remainder when (53/2 + 3)/(1/2) is divided by r?
19
Let o = 282 + -161. Let t(n) = n**2 + 46*n - 6. Calculate the remainder when o is divided by t(-47).
39
Suppose 0 = -4*u + 3*u - 2, -3*w + 5*u - 62 = 0. Let g = 36 + w. Suppose 